 27095707
List the prime factors of 382267856.
2, 199, 211, 569
List the prime factors of 88337880.
2, 3, 5, 245383
What are the prime factors of 115838820?
2, 3, 5, 19, 33871
List the prime factors of 36128399.
2731, 13229
List the prime factors of 198261740.
2, 5, 31, 89, 3593
List the prime factors of 793200198.
2, 3, 7, 227, 271, 307
List the prime factors of 3440781147.
3, 17, 53, 499, 2551
What are the prime factors of 77503697?
17, 4559041
What are the prime factors of 24427589?
17, 1436917
List the prime factors of 5713227096.
2, 3, 238051129
What are the prime factors of 16776545?
5, 23, 113, 1291
List the prime factors of 89917600.
2, 5, 112397
List the prime factors of 35496040.
2, 5, 887401
List the prime factors of 89116319.
89116319
What are the prime factors of 23125883?
11, 191123
What are the prime factors of 108802025?
5, 4352081
What are the prime factors of 169552007?
109, 1555523
List the prime factors of 104629252.
2, 7, 13, 22111
List the prime factors of 568260707.
7, 81180101
List the prime factors of 31158380.
2, 5, 11, 141629
List the prime factors of 1258987131.
3, 5181017
List the prime factors of 38070793.
137, 277889
List the prime factors of 364951988.
2, 17, 41, 223, 587
What are the prime factors of 992841786?
2, 3, 17, 360509
What are the prime factors of 350299454?
2, 61, 1301, 2207
List the prime factors of 467206776.
2, 3, 197, 32939
What are the prime factors of 63712948?
2, 13, 439, 2791
What are the prime factors of 398703817?
983, 405599
List the prime factors of 1211347360.
2, 5, 7570921
List the prime factors of 138353203.
1499, 92297
What are the prime factors of 99501866?
2, 49750933
What are the prime factors of 344384720?
2, 5, 617, 6977
What are the prime factors of 144843068?
2, 197, 397, 463
What are the prime factors of 53559770?
2, 5, 11, 486907
What are the prime factors of 220083473?
220083473
What are the prime factors of 280224797?
280224797
What are the prime factors of 4089743731?
241, 16969891
List the prime factors of 365327382.
2, 3, 7, 17, 157, 3259
List the prime factors of 218740927.
218740927
What are the prime factors of 719175769?
13, 17, 367, 8867
List the prime factors of 2378962197.
3, 23, 193, 863
List the prime factors of 551338102.
2, 7, 1019, 5521
What are the prime factors of 104559612?
2, 3, 61, 142841
What are the prime factors of 63341176?
2, 7917647
What are the prime factors of 56130846?
2, 3, 9355141
List the prime factors of 438514290.
2, 3, 5, 397, 4091
What are the prime factors of 43873711?
7, 31, 202183
What are the prime factors of 2271415362?
2, 3, 378569227
What are the prime factors of 73828223?
7, 1039, 10151
List the prime factors of 3147425402.
2, 11, 143064791
List the prime factors of 25947835.
5, 5189567
What are the prime factors of 2540766?
2, 3, 423461
What are the prime factors of 2038237776?
2, 3, 137, 34439
List the prime factors of 9714899.
359, 27061
List the prime factors of 320162676.
2, 3, 26680223
What are the prime factors of 650312468?
2, 13, 19, 658211
What are the prime factors of 8611708573?
13, 662439121
What are the prime factors of 728597388?
2, 3, 41, 193, 7673
List the prime factors of 8970122.
2, 7, 449, 1427
List the prime factors of 1719523024.
2, 1741, 61729
What are the prime factors of 3489687151?
3489687151
List the prime factors of 141643471.
141643471
What are the prime factors of 2602181664?
2, 3, 31, 383, 761
What are the prime factors of 798009052?
2, 47, 4244729
List the prime factors of 1478136910.
2, 5, 17, 1051, 8273
What are the prime factors of 48302945?
5, 37, 191, 1367
What are the prime factors of 461970308?
2, 17, 31, 37, 5923
What are the prime factors of 38308997?
19, 101, 19963
What are the prime factors of 454824379?
23, 193, 102461
What are the prime factors of 636892672?
2, 13, 103, 929
What are the prime factors of 770841630?
2, 3, 5, 13, 219613
What are the prime factors of 40164391?
29, 1384979
What are the prime factors of 1402667053?
18257, 76829
List the prime factors of 663230091.
3, 221076697
What are the prime factors of 702662818?
2, 11, 13, 409, 6007
What are the prime factors of 20794461?
3, 23, 13103
What are the prime factors of 403042835?
5, 13, 6200659
What are the prime factors of 83822299?
11, 179, 42571
List the prime factors of 80951740.
2, 5, 4047587
What are the prime factors of 10583151?
3, 23, 153379
List the prime factors of 38088717.
3, 12696239
List the prime factors of 52107438.
2, 3, 8684573
List the prime factors of 298998906.
2, 3, 31, 103, 15607
What are the prime factors of 38801067?
3, 97, 133337
List the prime factors of 40894435.
5, 17, 37, 13003
List the prime factors of 462234199.
7, 17, 523, 1061
What are the prime factors of 161250919?
977, 165047
What are the prime factors of 2526215772?
2, 3, 43, 4895767
What are the prime factors of 138865732?
2, 34716433
List the prime factors of 36288908.
2, 9072227
What are the prime factors of 472111548?
2, 3, 39342629
List the prime factors of 85805263.
85805263
What are the prime factors of 256082630?
2, 5, 31, 43, 19211
List the prime factors of 44541840.
2, 3, 5, 7, 26513
What are the prime factors of 18305316?
2, 3, 499, 1019
What are the prime factors of 249225113?
249225113
What are the prime factors of 34475952?
2, 3, 7, 102607
What are the prime factors of 283320672?
2, 3, 71, 197, 211
What are the prime factors of 334722613?
53, 71, 88951
What are the prime factors of 751221020?
2, 5, 11, 199, 17159
List the prime factors of 492061988.
2, 11, 47, 97, 223
What are the prime factors of 5027076080?
2, 5, 13, 4833727
List the prime factors of 279442027.
641, 435947
What are the prime factors of 12931734?
2, 3, 43, 50123
What are the prime factors of 4539975247?
59, 6803, 11311
List the prime factors of 18961942.
2, 101, 93871
List the prime factors of 210357965.
5, 2339, 17987
What are the prime factors of 2134752617?
41, 509, 102293
What are the prime factors of 211545164?
2, 19, 757, 3677
List the prime factors of 3242103007.
11, 13, 22672049
What are the prime factors of 4588020255?
3, 5, 7, 13, 29, 115903
What are the prime factors of 164733022?
2, 173, 476107
What are the prime factors of 919742707?
13, 37, 1912147
What are the prime factors of 2508391?
2508391
List the prime factors of 66658209.
3, 23, 631, 1531
What are the prime factors of 71700294?
2, 3, 11950049
What are the prime factors of 163967215?
5, 31, 1057853
What are the prime factors of 307564316?
2, 76891079
List the prime factors of 3237883695.
3, 5, 109, 660119
What are the prime factors of 2716421809?
109, 24921301
List the prime factors of 2241332127.
3, 509, 18121
List the prime factors of 192490762.
2, 17, 333029
What are the prime factors of 5034068813?
733, 6867761
List the prime factors of 6775680881.
31, 47, 181, 25693
What are the prime factors of 56333535?
3, 5, 181, 20749
List the prime factors of 1240288924.
2, 7, 17, 293, 8893
List the prime factors of 1212790250.
2, 5, 7, 41, 16903
List the prime factors of 52933126.
2, 19, 1392977
What are the prime factors of 136351517?
73, 157, 11897
List the prime factors of 586024500.
2, 3, 5, 37, 10559
List the prime factors of 107688083.
271, 397373
List the prime factors of 3407534422.
2, 21701, 78511
What are the prime factors of 355009956?
2, 3, 7, 4226309
What are the prime factors of 81734721?
3, 2027, 13441
List the prime factors of 3088088111.
1151, 2682961
What are the prime factors of 629451524?
2, 13, 12104837
List the prime factors of 1191479626.
2, 19, 23, 67, 20347
List the prime factors of 29989132.
2, 29, 258527
List the prime factors of 110822731.
110822731
List the prime factors of 41377577.
29, 53, 26921
What are the prime factors of 22651906?
2, 1021, 11093
What are the prime factors of 584850512?
2, 739, 49463
List the prime factors of 3121978717.
11, 13, 1984729
What are the prime factors of 81363869?
43, 1892183
What are the prime factors of 444594494?
2, 1153, 192799
What are the prime factors of 1670459202?
2, 3, 17, 37, 147541
List the prime factors of 461147777.
461147777
What are the prime factors of 2599797557?
7, 71, 747283
List the prime factors of 84926252.
2, 41, 59, 67, 131
What are the prime factors of 363672649?
1699, 214051
What are the prime fact